e -758 + 753 + (3 - (11 + -8)) + 1 + 44.
40
Calculate 10 + -73 + 64 - (-7 - -22).
-14
Evaluate -67 + 100 + (-132 - -52).
-47
What is 88 + (20 - 21 - (-8 + -11 - -10)) + -9?
87
Evaluate (73 - ((-4 - -1) + 15 + (-3 - 5))) + 4.
73
What is the value of 930 + -921 - (2 + -5 + (-3 - -9) + 38)?
-32
Calculate -1 + -2 + (-4 - (51 + -86) - 56).
-28
What is the value of 8 - (73 - (55 - -90))?
80
(11 + -22 - (1 + -3)) + (56 - (5 - 13))
55
-23 + -14 + -12 + 53
4
Calculate (-111 - -99 - (-3 - 2) - -1) + 2.
-4
-5 + -8 + (2 - 75 - (351 + -375))
-62
Evaluate (0 - 5) + 7 + 11 + -2 + -39 + 130.
102
Evaluate -21 + -1 + (-7 + 1 + (17 - 1) - 9).
-21
What is the value of (11 - 1 - 49 - 0) + (21 - 8)?
-26
What is ((-5 - -4) + 7 - (40 + -46 + 10)) + -60?
-58
Calculate 34 + -44 + 80 - 80.
-10
What is (2 - 62) + 3553 + -3599 + (1 - -60)?
-45
What is (-46 - (10 - -5)) + 35 + -17?
-43
Calculate (-12 - (4 - -3 - (195 + -190))) + 1 + 63.
50
-4 + 52 + -63 + -70
-85
-5 + (-174 - -9) - -84
-86
What is the value of -1 + -21 + 29 + (-4 + 2 - 1) - -7?
11
What is the value of (21 - 15) + (-2 - -4) + -2 + 16 + -16?
6
(9 - -22) + 1 - 16
16
Evaluate 5 - 12 - -23 - -5 - 19.
2
(-44 - (3 + -7)) + -7 + (2 - 25 - -26)
-44
100 - 28 - 58 - (66 + (-5 - -14))
-61
What is the value of 61 - (1 + 18) - (-11 - -6)?
47
Evaluate 71 + -85 + (-119 - -156).
23
-2 - 0 - (-5 - (-11 + -18 + 11))
-15
23 - (22 + (7 + -18 - (22 - 16)))
18
4 - -16 - (-25 - (-120 - -1))
-74
Evaluate -4 - 9 - (9 - (18 - -2 - -8)).
6
49 - (-35 - (-23 + -96))
-35
What is the value of 16 + -52 - ((33 - 29) + -50)?
10
Calculate -8 + -128 - -49 - -41.
-46
Calculate -48 + (47 - (35 + -44)).
8
What is -7 + (1 + 1 + 7 - (20 + (13 - -24)))?
-55
Calculate (77 - 1) + 1 - (-36 + (-28 - 3) + 57).
87
What is 20 + (9 - (-13 - -26)) - 36?
-20
Evaluate 196 + -299 + (18 - -99).
14
Evaluate 23 + 1 + -37 + 10 + -40.
-43
Evaluate 64 + -68 + (-2 + 6 - -3) + 33.
36
Evaluate -1 - -165 - (589 - 501).
76
Calculate (-37 - -46) + -2 + -13 + (0 - -88) + -6.
76
What is the value of ((15 - 1) + -52 - -21) + 24?
7
What is the value of -1 - ((-28 - -7) + (14 - (-6 + 11))) - 91?
-80
Evaluate 2 + 71 + -2758 + 2686.
1
Evaluate (-5 - ((-7 - -4) + 0 + -1)) + (44 - 47).
-4
What is the value of (-26 - -49) + 14 + 64?
101
Calculate -51 - ((5 - (4 - -1)) + -7) - (6 + -6).
-44
Calculate -82 - -62 - 9 - (-37 + 15).
-7
Calculate (-23 + (-3 - 18) - -17) + -4.
-31
22 + -1 + 18 + -96 + -32 - (-11 + 1)
-79
(1 - 3) + (19 - (-21 + 3 - -29))
6
Calculate -115 - 41 - -112 - -86.
42
Evaluate -21 - (77 - (126 + 65)).
93
What is the value of (1254 - 1245) + (-40 - 2)?
-33
What is 4 - (40 - (-29 + 192 - 14))?
113
What is the value of (2 - (44 + (-43 - 33))) + (-18 - 2)?
14
What is the value of 79 - (25 - (-2 - (1 + -13) - -8))?
72
What is -78 + (92 - 23) + -19?
-28
Evaluate (175 - 78) + -77 + -22 + 1.
-1
3368 - 3319 - ((-2 - -1 - -2) + 10)
38
What is the value of -4 - (12 + -13 - 20 - -13)?
4
What is the value of -18 + 20 - (61 + 10 + -4 + -16)?
-49
What is the value of (-1088 - -1079) + (0 - 59)?
-68
6024 + -6050 + 4 + -4
-26
Calculate 31 + -65 + -11 - (-4 - -9).
-50
Evaluate -21 + -5 + (13 - 1 - -56).
42
Calculate -10 + -2 + (33 - 42) + 13.
-8
Evaluate 56 - ((-2 - 1) + -843 + 826).
76
9 + (8 - 15) + (-3 - (7 - 8) - -8)
8
What is 129 - (76 + -63 + 51)?
65
What is the value of 45 + (-36 - 1) + -35?
-27
What is -736 + 771 - (41 - -3)?
-9
15 - (8 + 3) - ((-18 - -3) + 3)
16
Calculate 25 - ((-49 - (-38 + 1)) + 13 + 1).
23
16 + -2 - 1 - 2 - (208 - 218 - -6)
15
Calculate -22 - (-49 + (17 - -31)).
-21
(96 - 3) + 8 - (16 - (7 + -4 + 2))
90
What is 71 - (-17 + (-26 - (2 - 65)))?
51
-844 + 852 + (13 - -88)
109
-1988 + 2104 + -86 + 2
32
Calculate 27 + -34 + 32 + -145 - (6 - (1 + 0)).
-125
Calculate -4 + -2 - (1 + 8) - (-51 - -3).
33
Calculate (18 - 38) + 93 + -41.
32
What is the value of 36741 - 36728 - (-24 + (2 - 0) + 2)?
33
What is the value of (1 - (-19 - -3)) + -155 + 110?
-28
Evaluate -39 + (-11 - (-7 - -8) - (2 - 20)).
-33
What is -819 + 829 - (-13 - 2)?
25
Calculate (14 - 10 - -21) + 36 + 0.
61
Evaluate -40 + 68 - (43 + 7) - -57.
35
What is the value of 59 - (54 + -67 + 33)?
39
Calculate 86 - (-48 - (4 - 30) - -38).
70
-4 - (-3 + 3) - (527 - 480)
-51
Calculate -4 + -10 + ((-1 - -9) + (65 - 81) - -5).
-17
What is the value of 59 + (13 - 18) - 84?
-30
What is the value of (-7 - -5) + (18 - 28) + (2 - 12)?
-22
Calculate (53 - (-7 - -2)) + -13 + -4 - -7.
48
12 + -9 + -11 + -37 - 11 - -10
-46
5 + -15 + 2 + 43 + -23 + -3 + -10
-1
What is -122 + 11 - -162 - 114?
-63
Evaluate 63 + -129 - 28 - (-3 + 2 - 15 - -2).
-80
Evaluate -89 + 47 - (23 + -53).
-12
Calculate 35 - (-13 - (-5 - 1 - (31 + (-1 - 31)))).
43
Calculate (14 - 41 - -12) + -26.
-41
What is the value of -382 + 83 - -150 - -74?
-75
What is the value of 169 - 145 - (10 - (8 + 46))?
68
What is the value of (-5383 - -5445) + -35 + 1?
28
Evaluate (66 - -53) + -86 + (-2 - (-5 - 0)) + 5.
41
What is -23 + (15 - 28) + 17 - (21 + -5)?
-35
(-9 + 4 - -26 - -25) + (-1 - -5)
50
-28 + -44 + 54 + -26
-44
-59 - -81 - (11 + -11 + -61)
83
What is (14 - (19 + 6)) + (135 - (-9 + 15))?
118
Evaluate -16 + 11 + (28 + -4 - 23).
-4
Evaluate (10 + -46 - -28) + (-106 - -97) + (5 - 0).
-12
Calculate (36 - 22) + -26 + (94 - 5) + (-7 - -2).
72
Calculate -13 + (82 - (35 + -13)) + (10 - 1) + -1.
55
25 + 34 + (-9 - 6)
44
What is 15 + 5 - (299 + -295)?
16
What is the value of 2 - (-1 + -20) - (-28 + (18 - -13))?
20
What is the value of (1 - (-3 - -11 - -75 - 7)) + (9 - 3)?
-69
Evaluate -21 - (0 + 9 + (-111 - -80) + 12).
-11
What is the value of 20 + 3 + -177 + (130 - -22)?
-2
Evaluate -15 + 140 + -109 + 83.
99
What is (-46 - -1 - -7) + 4 - (20 + (-24 - -7))?
-37
Evaluate 10 + (6 + -4 - 5) + -104 + 12 + 5.
-80
Calculate 130 + -305 + (132 - 56).
-99
-10 + -22 + -2 + 13 + -4
-25
168 + (-350 - -160) - (-28 - 1)
7
What is -6 + (-31 + 24 + -16 - 0)?
-29
Evaluate -35 + (-175 - -176 - (-13 - -1) - 7) + -3.
-32
-3 + -2 + 5 - -35 - (6703 - 6717)
49
Calculate -21 + (36 - (-26 + 7 + -15)).
49
What is the value of 3 + 19 + 7 + -35 - 58?
-64
What is the value of -7 - 1 - (2 + -3) - (38 - (75 - 54))?
-24
Evaluate -230 + 249 + 4 + 2 + -12 + -79.
-66
What is the value of -4 + -3 + (-2 - -9) + 8 + -1 - -3?
10
2 + (2 - (36 + 2 - (41 + -52)))
-45
What is the value of 129 + (76 + -40 - 114)?
51
What is 16 - ((17 - 23) + 60)?
-38
Evaluate (-5 - (14 - -14)) + (79 - 79).
-33
-60 + 72 + (-6 - -7 - 6) + 18
25
(-13 + -10 - -1) + (-30 + 4 - -16)
-32
What is (42 + 11 + -27 - -15) + -1?
40
Evaluate -68 - (-6 + -13 - 10).
-39
-5 - (7 + 7 - -17 - 12)
-24
What is the value of -9 + (29 - (-20 + 19)) + -53?
-32
What is -9 - ((2 - 1) + 14)?
-24
Evaluate -5 - (-12 + -38 + 64).
-19
What is -12 + (58 - -14) - 22 - 17 - -23?
44
Evaluate 20 + (41 - 46 - 45) + -1.
-31
What is the value of (8 - 18) + (-51 - -68) + 15?
22
What is the value of -9 + 17 + -8 - (10 + -17 + 4)?
3
What is -9 - 0 - (26 - (36 - -69)) - 0?
70
Evaluate 11 + -18 - (22 + -13 + -22).
6
(0 - 0 - -12) + (1164 - 1146)
30
What is the value of 25 + (7 - -29 - (-3 - -24))?
40
What is the value of -76 + (1 - -3) + (86 + -14 - 59)?
-59
-136 - (-58 + 155 + -336)
103
Calculate 93 + (-14 - (-2 + (18 - 4) + -6)).
73
Evaluate -15 + (29 - (14 + 8 + -9)) + -10.
-9
Calculate -8 + 6 + -25 - (52 + -51 - (-1 + 1)).
-28
-84 - -89 - (14 + -8 + 1 + 87)
-89
Evaluate -120 - -163 - (-15 + 7 - (0 + -4 - 1)).
46
Calculate 20 + 3 + 14 + -39 + 17.
15
(69 - -47 - 24) + -49
43
What is (24 - (66 - 26)) + -73 + 18 + -4?
-75
(55 - 67) + (2 - (-6 + 6 + 4) - 45)
-59
What is -88 + 3 + -50 + 23?
-112
What is 13 + (-13 - (-18 + 7 + 19))?
-8
What is the value of (12 - 1) + -5 + 2 + -5 + 51?
54
Calculate -27 + 73 + -12 - -3.
37
32 + -21 + -10 - (-3 + -8 - 1)
13
What is 16 - (48 + (3 - 0) + 4 + -4)?
-35
What is the value of -25 - ((17 - 21) + 4 + 13)?
-38
What is -52 - (4 + (15 - (2 - (-5 + -8))))?
-56
3 - (5 - (-11 + 1 + 7 - -15))
10
Calculate -4 - (52 + 2) - (-75 + (107 - 31)).
-59
44 + -37 + 2 + -15 + (-9 - -60 - 6)
39
What is the value of 55 - 99 - -25 - -49?
30
What is (-671 - -689) + (33 - 2)?
49
Calculate 5 + 6 - (-16 - (136 - 69)).
94
What is (11 + -22 - -14) + (-30 - (-15 + 5 + 2))?
-19
Evaluate (-4 - 0 - -2) + (42 - -14 - (39 - 14)).
29
What is 6 + 1 + -4 + (-132 - -90